 the tens digit of 14499619?
1
What is the units digit of 10888760?
0
What is the millions digit of 9507484?
9
What is the tens digit of 202731?
3
What is the units digit of 64475?
5
What is the hundreds digit of 2981868?
8
What is the hundred thousands digit of 2885727?
8
What is the thousands digit of 571493?
1
What is the thousands digit of 5894605?
4
What is the tens digit of 114336?
3
What is the units digit of 1829743?
3
What is the units digit of 492818?
8
What is the tens digit of 742061?
6
What is the tens digit of 640192?
9
What is the hundreds digit of 54785?
7
What is the hundreds digit of 1186586?
5
What is the hundreds digit of 7986877?
8
What is the ten millions digit of 33952208?
3
What is the units digit of 852034?
4
What is the hundreds digit of 2198389?
3
What is the tens digit of 117281?
8
What is the ten thousands digit of 778253?
7
What is the tens digit of 2552496?
9
What is the hundred thousands digit of 396757?
3
What is the units digit of 2624095?
5
What is the units digit of 386997?
7
What is the tens digit of 1856220?
2
What is the millions digit of 2749498?
2
What is the thousands digit of 612660?
2
What is the hundred thousands digit of 706703?
7
What is the tens digit of 2940457?
5
What is the hundreds digit of 140888?
8
What is the thousands digit of 662254?
2
What is the hundreds digit of 1410864?
8
What is the millions digit of 6727347?
6
What is the hundred thousands digit of 623766?
6
What is the hundreds digit of 968294?
2
What is the tens digit of 186735?
3
What is the thousands digit of 556092?
6
What is the hundreds digit of 8590806?
8
What is the hundred thousands digit of 1199138?
1
What is the millions digit of 1623646?
1
What is the hundreds digit of 2265010?
0
What is the hundreds digit of 3493217?
2
What is the units digit of 652017?
7
What is the ten thousands digit of 1106905?
0
What is the tens digit of 339838?
3
What is the hundreds digit of 1442733?
7
What is the thousands digit of 173799?
3
What is the thousands digit of 1287103?
7
What is the units digit of 4180408?
8
What is the units digit of 20966124?
4
What is the thousands digit of 41273?
1
What is the ten thousands digit of 1254925?
5
What is the ten thousands digit of 15393204?
9
What is the thousands digit of 7366846?
6
What is the tens digit of 7634913?
1
What is the units digit of 1587587?
7
What is the ten thousands digit of 414456?
1
What is the tens digit of 2518162?
6
What is the millions digit of 6677831?
6
What is the units digit of 4603435?
5
What is the tens digit of 153445?
4
What is the units digit of 646014?
4
What is the ten thousands digit of 831994?
3
What is the ten thousands digit of 124175?
2
What is the hundreds digit of 269708?
7
What is the tens digit of 915088?
8
What is the hundreds digit of 11222461?
4
What is the tens digit of 476456?
5
What is the ten thousands digit of 134907?
3
What is the thousands digit of 2609745?
9
What is the thousands digit of 3821641?
1
What is the hundred thousands digit of 269162?
2
What is the thousands digit of 37494918?
4
What is the units digit of 7744802?
2
What is the millions digit of 4480653?
4
What is the units digit of 1054142?
2
What is the ten thousands digit of 865994?
6
What is the thousands digit of 536946?
6
What is the millions digit of 34194835?
4
What is the ten thousands digit of 21082962?
8
What is the ten thousands digit of 58214?
5
What is the ten thousands digit of 56135?
5
What is the hundred thousands digit of 1582594?
5
What is the ten thousands digit of 22262729?
6
What is the thousands digit of 15154967?
4
What is the hundred thousands digit of 10879761?
8
What is the units digit of 1201746?
6
What is the ten thousands digit of 1046607?
4
What is the tens digit of 178425?
2
What is the units digit of 5059839?
9
What is the hundreds digit of 23950?
9
What is the tens digit of 164445?
4
What is the tens digit of 515447?
4
What is the hundreds digit of 551314?
3
What is the ten millions digit of 15169720?
1
What is the ten thousands digit of 20182659?
8
What is the millions digit of 2682225?
2
What is the thousands digit of 292911?
2
What is the thousands digit of 1505262?
5
What is the thousands digit of 245807?
5
What is the thousands digit of 602720?
2
What is the thousands digit of 963245?
3
What is the tens digit of 693158?
5
What is the hundred thousands digit of 16066818?
0
What is the tens digit of 20658401?
0
What is the tens digit of 12016479?
7
What is the thousands digit of 239715?
9
What is the ten thousands digit of 52271?
5
What is the ten thousands digit of 16227646?
2
What is the ten thousands digit of 1556379?
5
What is the millions digit of 2557594?
2
What is the thousands digit of 945114?
5
What is the units digit of 3845?
5
What is the hundred thousands digit of 165468?
1
What is the units digit of 170174?
4
What is the tens digit of 8651049?
4
What is the ten thousands digit of 11009791?
0
What is the units digit of 1577894?
4
What is the thousands digit of 253394?
3
What is the hundreds digit of 258815?
8
What is the units digit of 739479?
9
What is the hundreds digit of 1603644?
6
What is the hundreds digit of 246107?
1
What is the ten thousands digit of 182440?
8
What is the hundred thousands digit of 408341?
4
What is the thousands digit of 8384138?
4
What is the units digit of 2209363?
3
What is the hundreds digit of 1528808?
8
What is the thousands digit of 363747?
3
What is the ten thousands digit of 1082418?
8
What is the tens digit of 1614834?
3
What is the hundreds digit of 175062?
0
What is the ten thousands digit of 4362019?
6
What is the millions digit of 8915012?
8
What is the ten thousands digit of 346108?
4
What is the ten thousands digit of 187937?
8
What is the hundred thousands digit of 319055?
3
What is the millions digit of 3846448?
3
What is the tens digit of 451202?
0
What is the units digit of 393285?
5
What is the tens digit of 7109330?
3
What is the units digit of 82520?
0
What is the ten thousands digit of 234088?
3
What is the thousands digit of 465351?
5
What is the tens digit of 42583?
8
What is the ten thousands digit of 78436?
7
What is the tens digit of 1465513?
1
What is the hundreds digit of 5482?
4
What is the hundred thousands digit of 1056499?
0
What is the tens digit of 65039?
3
What is the tens digit of 2512763?
6
What is the hundreds digit of 5555281?
2
What is the hundreds digit of 1233662?
6
What is the thousands digit of 3139034?
9
What is the hundreds digit of 5858880?
8
What is the ten thousands digit of 2944525?
4
What is the tens digit of 36793235?
3
What is the units digit of 830972?
2
What is the thousands digit of 8015906?
5
What is the ten thousands digit of 581832?
8
What is the tens digit of 134754?
5
What is the millions digit of 7311788?
7
What is the tens digit of 376921?
2
What is the hundreds digit of 18951940?
9
What is the hundred thousands digit of 8533776?
5
What is the ten thousands digit of 680405?
8
What is the hundred thousands digit of 6038239?
0
What is the thousands digit of 3603495?
3
What is the thousands digit of 212087?
2
What is the units digit of 77327?
7
What is the units digit of 1036512?
2
What is the units digit of 225898?
8
What is the hundred thousands digit of 11789804?
7
What is the tens digit of 4825237?
3
What is the tens digit of 3486273?
7
What is the hundreds digit of 88314?
3
What is the units digit of 815597?
7
What is the hundred thousands digit of 259292?
2
What is the tens digit of 749435?
3
What is the ten thousands digit of 638277?
3
What is the hundreds digit of 1348916?
9
What is the ten thousands digit of 336068?
3
What is the units digit of 1084611?
1
What is the tens digit of 28559?
5
What is the units digit of 198773?
3
What is the ten thousands digit of 254776?
5
What is the millions digit of 39603553?
9
What is the tens digit of 275746?
4
What is the ten thousands digit of 6329661?
2
What is the hundreds digit of 776990?
9
What is the units digit of 137550?
0
What is the hundreds digit of 41508?
5
What is the tens digit of 63871?
7
What is the hundreds digit of 795412?
4
What is the hundreds digit of 50427?
4
What is the ten thousands digit of 2904113?
0
What is the ten thousands digit of 373683?
7
What is the hundreds digit 